{"id":8947,"date":"2024-04-25T14:31:08","date_gmt":"2024-04-25T12:31:08","guid":{"rendered":"https:\/\/salondata.fr\/?page_id=8947"},"modified":"2025-12-08T15:40:48","modified_gmt":"2025-12-08T14:40:48","slug":"benevoles","status":"publish","type":"page","link":"https:\/\/salondata.fr\/index.php\/benevoles\/","title":{"rendered":"Devenir B\u00e9n\u00e9vole"},"content":{"rendered":"\t\t<div data-elementor-type=\"wp-post\" data-elementor-id=\"8947\" class=\"elementor elementor-8947\" data-elementor-post-type=\"page\">\n\t\t\t\t\t\t<section class=\"elementor-section elementor-top-section elementor-element elementor-element-ca1f37a elementor-section-boxed elementor-section-height-default elementor-section-height-default\" data-id=\"ca1f37a\" data-element_type=\"section\">\n\t\t\t\t\t\t<div class=\"elementor-container elementor-column-gap-default\">\n\t\t\t\t\t<div class=\"elementor-column elementor-col-100 elementor-top-column elementor-element elementor-element-1c15e0d\" data-id=\"1c15e0d\" data-element_type=\"column\">\n\t\t\t<div class=\"elementor-widget-wrap elementor-element-populated\">\n\t\t\t\t\t\t<div class=\"elementor-element elementor-element-f407924 elementor-position-left elementor-vertical-align-top elementor-widget elementor-widget-image-box\" data-id=\"f407924\" data-element_type=\"widget\" data-widget_type=\"image-box.default\">\n\t\t\t\t<div class=\"elementor-widget-container\">\n\t\t\t\t\t<div class=\"elementor-image-box-wrapper\"><figure class=\"elementor-image-box-img\"><img fetchpriority=\"high\" decoding=\"async\" width=\"1920\" height=\"1281\" src=\"https:\/\/salondata.fr\/wp-content\/uploads\/2024\/04\/Salon-Data-IA_Partenaires_20230919-175813_\u00a9Ohe-studio-William-JEZEQUEL_1695139088988x762338383781691400.jpg\" class=\"attachment-full size-full wp-image-8949\" alt=\"Salon_Data_IA_Benevoles\" srcset=\"https:\/\/salondata.fr\/wp-content\/uploads\/2024\/04\/Salon-Data-IA_Partenaires_20230919-175813_\u00a9Ohe-studio-William-JEZEQUEL_1695139088988x762338383781691400.jpg 1920w, https:\/\/salondata.fr\/wp-content\/uploads\/2024\/04\/Salon-Data-IA_Partenaires_20230919-175813_\u00a9Ohe-studio-William-JEZEQUEL_1695139088988x762338383781691400-300x200.jpg 300w, https:\/\/salondata.fr\/wp-content\/uploads\/2024\/04\/Salon-Data-IA_Partenaires_20230919-175813_\u00a9Ohe-studio-William-JEZEQUEL_1695139088988x762338383781691400-1024x683.jpg 1024w, https:\/\/salondata.fr\/wp-content\/uploads\/2024\/04\/Salon-Data-IA_Partenaires_20230919-175813_\u00a9Ohe-studio-William-JEZEQUEL_1695139088988x762338383781691400-768x512.jpg 768w, https:\/\/salondata.fr\/wp-content\/uploads\/2024\/04\/Salon-Data-IA_Partenaires_20230919-175813_\u00a9Ohe-studio-William-JEZEQUEL_1695139088988x762338383781691400-1536x1025.jpg 1536w\" sizes=\"(max-width: 1920px) 100vw, 1920px\" \/><\/figure><div class=\"elementor-image-box-content\"><h3 class=\"elementor-image-box-title\">B\u00e9n\u00e9voles, \u00e0 vos marques ? Pr\u00eats ? <\/h3><p class=\"elementor-image-box-description\"><span style=\"color:#0D1C4F\">La 11\u00e8me \u00e9dition du<span>&nbsp;<\/span><b>Salon de la Data et de l'IA<span>&nbsp;<\/span><\/b>aura lieu<span>&nbsp;<\/span>le<span>&nbsp;<\/span><\/span><b><span style=\"color:#A52C41\">Mardi 22 Septembre 2026<\/span><\/b><span style=\"color:#0D1C4F\">&nbsp;\u00e0 la<span>&nbsp;<\/span><b>Cit\u00e9 des<\/b><\/span><p style=\"margin:0cm\"><span style=\"color:#0D1C4F\"><b>Congr\u00e8s de Nantes<\/b>.<span>&nbsp;<\/span><br>Pour cette ann\u00e9e sp\u00e9ciale sur la th\u00e9matique du sport, notre \u00e9quipe r\u00e9serve de belles\nsurprises pour un \u00e9v\u00e9nement inoubliable !&nbsp;<\/span><\/p><p style=\"margin-bottom:7.5pt;background:white\"><span style=\"color:#212121\">&nbsp;<\/span><\/p><p style=\"margin-bottom:7.5pt;background:white\"><span style=\"color:#0D1C4F\">Vous repr\u00e9sentez une \u00e9cole et vous souhaitez<span>&nbsp;<\/span><b>mettre en avant les qualit\u00e9s de vos \u00e9tudiants<\/b>&nbsp;: communication, cr\u00e9ativit\u00e9, recueil et synth\u00e9tisation de paroles, montage de support (audio\/photo\/vid\u00e9o) ?&nbsp; Vous souhaitez<b>&nbsp;r\u00e9seauter<span>&nbsp;<\/span><\/b>&nbsp;? Vous souhaitez<span>&nbsp;<\/span><b>f\u00e9d\u00e9rer <\/b>autour d'un projet commun ?&nbsp;<\/span><\/p><p style=\"margin:0cm\"><span style=\"color:#0D1C4F\">&nbsp;<\/span><\/p><p style=\"margin:0cm\"><span style=\"color:#0D1C4F\">Nous recherchons des b\u00e9n\u00e9voles pour<span>&nbsp;<\/span><b>diff\u00e9rentes missions de communication\/journalisme<\/b>&nbsp;:<\/span><\/p><ul style=\"margin-top:0cm\" type=\"disc\"><li style=\"color:#0D1C4F;line-height:16.5pt\"><b><span>interviewes film\u00e9es<\/span><\/b><span>&nbsp;des sponsors (au format 4 min) et d'une s\u00e9lection de speakers (\u00e0 d\u00e9finir\n     suivant les t\u00eates d'affiche qui seront connues en juin)<\/span><\/li><\/ul><ul style=\"margin-top:0cm\" type=\"disc\"><li style=\"color:#0D1C4F\"><b><span>animation de la News Room :<span>&nbsp;<\/span><\/span><\/b><span>broadcast de&nbsp;l'\u00e9v\u00e9nement et ses temps forts via Swapcard<\/span><\/li><\/ul><p style=\"margin-left:36.0pt\"><b><span style=\"color:#0D1C4F\">Supervision<\/span><\/b><span style=\"color:#0D1C4F\">&nbsp;technique des 2 ateliers retransmis sur Swapcard<\/span><\/p><ul style=\"margin-top:0cm\" type=\"disc\"><li style=\"color:#0D1C4F;line-height:16.5pt\"><span>animation de Pitch Ma Boite (format \u00e0 d\u00e9finir)<\/span><\/li><li style=\"color:#0D1C4F;line-height:16.5pt\"><b><span>reportage photo<\/span><\/b><span>&nbsp;de l'\u00e9v\u00e9nement<\/span><\/li><\/ul><ul style=\"margin-top:0cm\" type=\"disc\"><li style=\"color:#0D1C4F\"><b><span>montage vid\u00e9o<\/span><\/b><span>&nbsp;: verbatim, micro trottoir&nbsp;<\/span><\/li><\/ul><ul style=\"margin-top:0cm\" type=\"disc\"><li style=\"color:#0D1C4F;line-height:16.5pt\"><b><span>community management<span>&nbsp;<\/span><\/span><\/b><span>(LinkedIn, Twitter)<\/span><\/li><\/ul><p style=\"margin:0cm\"><span style=\"color:#0D1C4F\">Quelques exemples de r\u00e9alisations :<\/span><\/p><p style=\"margin:0cm\"><span style=\"color:#0D1C4F\"><a href=\"https:\/\/www.youtube.com\/watch?v=XN3FYzK7VqM\" target=\"_blank\" title=\"https:\/\/www.youtube.com\/watch?v=xn3fyzk7vqm\">https:\/\/www.youtube.com\/watch?v=XN3FYzK7VqM<\/a><\/span><\/p><p style=\"margin:0cm\"><span style=\"color:#0D1C4F\"><a href=\"https:\/\/www.youtube.com\/watch?v=Aq_ezmIM_p0\" target=\"_blank\" title=\"https:\/\/www.youtube.com\/watch?v=aq_ezmim_p0\">https:\/\/www.youtube.com\/watch?v=Aq_ezmIM_p0<\/a><\/span><\/p><p style=\"margin:0cm\"><span style=\"color:#0D1C4F\"><a href=\"https:\/\/www.youtube.com\/watch?v=bdjTIBVBzN0\" target=\"_blank\" title=\"https:\/\/www.youtube.com\/watch?v=bdjtibvbzn0\">https:\/\/www.youtube.com\/watch?v=bdjTIBVBzN0<\/a><\/span><\/p><p><span style=\"color:#0D1C4F\">&nbsp;<\/span><\/p><p><span style=\"color:#0D1C4F;background:white\">Passionn\u00e9s de technologies, d'innovations et motiv\u00e9s, si vous souhaiter nous rejoindre, contactez-nous  d\u00e8s maintenant ! <\/span><\/p><\/p><\/div><\/div>\t\t\t\t<\/div>\n\t\t\t\t<\/div>\n\t\t\t\t\t<\/div>\n\t\t<\/div>\n\t\t\t\t\t<\/div>\n\t\t<\/section>\n\t\t<div class=\"elementor-element elementor-element-e6bfb00 e-flex e-con-boxed e-con e-parent\" data-id=\"e6bfb00\" data-element_type=\"container\">\n\t\t\t\t\t<div class=\"e-con-inner\">\n\t\t\t\t<div class=\"elementor-element elementor-element-9615321 elementor-align-center elementor-widget elementor-widget-button\" data-id=\"9615321\" data-element_type=\"widget\" data-widget_type=\"button.default\">\n\t\t\t\t<div class=\"elementor-widget-container\">\n\t\t\t\t\t\t\t\t\t<div class=\"elementor-button-wrapper\">\n\t\t\t\t\t<a class=\"elementor-button elementor-button-link elementor-size-sm\" href=\"https:\/\/salondata.fr\/index.php\/nous-contacter\/\">\n\t\t\t\t\t\t<span class=\"elementor-button-content-wrapper\">\n\t\t\t\t\t\t\t\t\t<span class=\"elementor-button-text\">Nous contacter<\/span>\n\t\t\t\t\t<\/span>\n\t\t\t\t\t<\/a>\n\t\t\t\t<\/div>\n\t\t\t\t\t\t\t\t<\/div>\n\t\t\t\t<\/div>\n\t\t\t\t\t<\/div>\n\t\t\t\t<\/div>\n\t\t\t\t<\/div>\n\t\t","protected":false},"excerpt":{"rendered":"<p>B\u00e9n\u00e9voles, \u00e0 vos marques ? Pr\u00eats ? La 11\u00e8me \u00e9dition du&nbsp;Salon de la Data et de l&rsquo;IA&nbsp;aura lieu&nbsp;le&nbsp;Mardi 22 Septembre 2026&nbsp;\u00e0 la&nbsp;Cit\u00e9 des Congr\u00e8s de Nantes.&nbsp;Pour cette ann\u00e9e sp\u00e9ciale sur la th\u00e9matique du sport, notre \u00e9quipe r\u00e9serve de belles surprises pour un \u00e9v\u00e9nement inoubliable !&nbsp; &nbsp; Vous repr\u00e9sentez une \u00e9cole et vous souhaitez&nbsp;mettre en avant [&hellip;]<\/p>\n","protected":false},"author":19,"featured_media":0,"parent":0,"menu_order":0,"comment_status":"closed","ping_status":"closed","template":"","meta":{"ocean_post_layout":"","ocean_both_sidebars_style":"","ocean_both_sidebars_content_width":0,"ocean_both_sidebars_sidebars_width":0,"ocean_sidebar":"0","ocean_second_sidebar":"0","ocean_disable_margins":"enable","ocean_add_body_class":"","ocean_shortcode_before_top_bar":"","ocean_shortcode_after_top_bar":"","ocean_shortcode_before_header":"","ocean_shortcode_after_header":"","ocean_has_shortcode":"","ocean_shortcode_after_title":"","ocean_shortcode_before_footer_widgets":"","ocean_shortcode_after_footer_widgets":"","ocean_shortcode_before_footer_bottom":"","ocean_shortcode_after_footer_bottom":"","ocean_display_top_bar":"default","ocean_display_header":"default","ocean_header_style":"","ocean_center_header_left_menu":"0","ocean_custom_header_template":"0","ocean_custom_logo":0,"ocean_custom_retina_logo":0,"ocean_custom_logo_max_width":0,"ocean_custom_logo_tablet_max_width":0,"ocean_custom_logo_mobile_max_width":0,"ocean_custom_logo_max_height":0,"ocean_custom_logo_tablet_max_height":0,"ocean_custom_logo_mobile_max_height":0,"ocean_header_custom_menu":"0","ocean_menu_typo_font_family":"0","ocean_menu_typo_font_subset":"","ocean_menu_typo_font_size":0,"ocean_menu_typo_font_size_tablet":0,"ocean_menu_typo_font_size_mobile":0,"ocean_menu_typo_font_size_unit":"px","ocean_menu_typo_font_weight":"","ocean_menu_typo_font_weight_tablet":"","ocean_menu_typo_font_weight_mobile":"","ocean_menu_typo_transform":"","ocean_menu_typo_transform_tablet":"","ocean_menu_typo_transform_mobile":"","ocean_menu_typo_line_height":0,"ocean_menu_typo_line_height_tablet":0,"ocean_menu_typo_line_height_mobile":0,"ocean_menu_typo_line_height_unit":"","ocean_menu_typo_spacing":0,"ocean_menu_typo_spacing_tablet":0,"ocean_menu_typo_spacing_mobile":0,"ocean_menu_typo_spacing_unit":"","ocean_menu_link_color":"","ocean_menu_link_color_hover":"","ocean_menu_link_color_active":"","ocean_menu_link_background":"","ocean_menu_link_hover_background":"","ocean_menu_link_active_background":"","ocean_menu_social_links_bg":"","ocean_menu_social_hover_links_bg":"","ocean_menu_social_links_color":"","ocean_menu_social_hover_links_color":"","ocean_disable_title":"default","ocean_disable_heading":"default","ocean_post_title":"","ocean_post_subheading":"","ocean_post_title_style":"","ocean_post_title_background_color":"","ocean_post_title_background":0,"ocean_post_title_bg_image_position":"","ocean_post_title_bg_image_attachment":"","ocean_post_title_bg_image_repeat":"","ocean_post_title_bg_image_size":"","ocean_post_title_height":0,"ocean_post_title_bg_overlay":0.5,"ocean_post_title_bg_overlay_color":"","ocean_disable_breadcrumbs":"default","ocean_breadcrumbs_color":"","ocean_breadcrumbs_separator_color":"","ocean_breadcrumbs_links_color":"","ocean_breadcrumbs_links_hover_color":"","ocean_display_footer_widgets":"default","ocean_display_footer_bottom":"default","ocean_custom_footer_template":"0","footnotes":""},"class_list":["post-8947","page","type-page","status-publish","hentry","entry"],"yoast_head":"<!-- This site is optimized with the Yoast SEO plugin v26.5 - https:\/\/yoast.com\/wordpress\/plugins\/seo\/ -->\n<title>Devenir B\u00e9n\u00e9vole - Salon de la DATA<\/title>\n<meta name=\"description\" content=\"Devenez b\u00e9n\u00e9vole au Salon de la DATA et de l&#039;IA le 17 septembre 2024 \u00e0 NANTES\" \/>\n<meta name=\"robots\" content=\"index, follow, max-snippet:-1, max-image-preview:large, max-video-preview:-1\" \/>\n<link rel=\"canonical\" href=\"https:\/\/salondata.fr\/index.php\/benevoles\/\" \/>\n<meta property=\"og:locale\" content=\"fr_FR\" \/>\n<meta property=\"og:type\" content=\"article\" \/>\n<meta property=\"og:title\" content=\"Devenir B\u00e9n\u00e9vole - Salon de la DATA\" \/>\n<meta property=\"og:description\" content=\"Devenez b\u00e9n\u00e9vole au Salon de la DATA et de l&#039;IA le 17 septembre 2024 \u00e0 NANTES\" \/>\n<meta property=\"og:url\" content=\"https:\/\/salondata.fr\/index.php\/benevoles\/\" \/>\n<meta property=\"og:site_name\" content=\"Salon de la DATA\" \/>\n<meta property=\"article:modified_time\" content=\"2025-12-08T14:40:48+00:00\" \/>\n<meta name=\"twitter:card\" content=\"summary_large_image\" \/>\n<meta name=\"twitter:site\" content=\"@SalonData\" \/>\n<meta name=\"twitter:label1\" content=\"Dur\u00e9e de lecture estim\u00e9e\" \/>\n\t<meta name=\"twitter:data1\" content=\"2 minutes\" \/>\n<script type=\"application\/ld+json\" class=\"yoast-schema-graph\">{\"@context\":\"https:\/\/schema.org\",\"@graph\":[{\"@type\":\"WebPage\",\"@id\":\"https:\/\/salondata.fr\/index.php\/benevoles\/\",\"url\":\"https:\/\/salondata.fr\/index.php\/benevoles\/\",\"name\":\"Devenir B\u00e9n\u00e9vole - Salon de la DATA\",\"isPartOf\":{\"@id\":\"https:\/\/salondata.fr\/#website\"},\"datePublished\":\"2024-04-25T12:31:08+00:00\",\"dateModified\":\"2025-12-08T14:40:48+00:00\",\"description\":\"Devenez b\u00e9n\u00e9vole au Salon de la DATA et de l'IA le 17 septembre 2024 \u00e0 NANTES\",\"breadcrumb\":{\"@id\":\"https:\/\/salondata.fr\/index.php\/benevoles\/#breadcrumb\"},\"inLanguage\":\"fr-FR\",\"potentialAction\":[{\"@type\":\"ReadAction\",\"target\":[\"https:\/\/salondata.fr\/index.php\/benevoles\/\"]}]},{\"@type\":\"BreadcrumbList\",\"@id\":\"https:\/\/salondata.fr\/index.php\/benevoles\/#breadcrumb\",\"itemListElement\":[{\"@type\":\"ListItem\",\"position\":1,\"name\":\"Accueil\",\"item\":\"https:\/\/salondata.fr\/\"},{\"@type\":\"ListItem\",\"position\":2,\"name\":\"Devenir B\u00e9n\u00e9vole\"}]},{\"@type\":\"WebSite\",\"@id\":\"https:\/\/salondata.fr\/#website\",\"url\":\"https:\/\/salondata.fr\/\",\"name\":\"Salon de la DATA\",\"description\":\"Un salon par et pour les passionn\u00e9s de la data\",\"publisher\":{\"@id\":\"https:\/\/salondata.fr\/#organization\"},\"potentialAction\":[{\"@type\":\"SearchAction\",\"target\":{\"@type\":\"EntryPoint\",\"urlTemplate\":\"https:\/\/salondata.fr\/?s={search_term_string}\"},\"query-input\":{\"@type\":\"PropertyValueSpecification\",\"valueRequired\":true,\"valueName\":\"search_term_string\"}}],\"inLanguage\":\"fr-FR\"},{\"@type\":\"Organization\",\"@id\":\"https:\/\/salondata.fr\/#organization\",\"name\":\"Salon de la DATA\",\"url\":\"https:\/\/salondata.fr\/\",\"logo\":{\"@type\":\"ImageObject\",\"inLanguage\":\"fr-FR\",\"@id\":\"https:\/\/salondata.fr\/#\/schema\/logo\/image\/\",\"url\":\"https:\/\/salondata.fr\/wp-content\/uploads\/2019\/06\/SD_LogoMacaron_2_Positif.jpg\",\"contentUrl\":\"https:\/\/salondata.fr\/wp-content\/uploads\/2019\/06\/SD_LogoMacaron_2_Positif.jpg\",\"width\":1180,\"height\":959,\"caption\":\"Salon de la DATA\"},\"image\":{\"@id\":\"https:\/\/salondata.fr\/#\/schema\/logo\/image\/\"},\"sameAs\":[\"https:\/\/x.com\/SalonData\",\"https:\/\/www.youtube.com\/channel\/UCZdnpbTbaMrXtRcBh16UPpQ\"]}]}<\/script>\n<!-- \/ Yoast SEO plugin. -->","yoast_head_json":{"title":"Devenir B\u00e9n\u00e9vole - Salon de la DATA","description":"Devenez b\u00e9n\u00e9vole au Salon de la DATA et de l'IA le 17 septembre 2024 \u00e0 NANTES","robots":{"index":"index","follow":"follow","max-snippet":"max-snippet:-1","max-image-preview":"max-image-preview:large","max-video-preview":"max-video-preview:-1"},"canonical":"https:\/\/salondata.fr\/index.php\/benevoles\/","og_locale":"fr_FR","og_type":"article","og_title":"Devenir B\u00e9n\u00e9vole - Salon de la DATA","og_description":"Devenez b\u00e9n\u00e9vole au Salon de la DATA et de l'IA le 17 septembre 2024 \u00e0 NANTES","og_url":"https:\/\/salondata.fr\/index.php\/benevoles\/","og_site_name":"Salon de la DATA","article_modified_time":"2025-12-08T14:40:48+00:00","twitter_card":"summary_large_image","twitter_site":"@SalonData","twitter_misc":{"Dur\u00e9e de lecture estim\u00e9e":"2 minutes"},"schema":{"@context":"https:\/\/schema.org","@graph":[{"@type":"WebPage","@id":"https:\/\/salondata.fr\/index.php\/benevoles\/","url":"https:\/\/salondata.fr\/index.php\/benevoles\/","name":"Devenir B\u00e9n\u00e9vole - Salon de la DATA","isPartOf":{"@id":"https:\/\/salondata.fr\/#website"},"datePublished":"2024-04-25T12:31:08+00:00","dateModified":"2025-12-08T14:40:48+00:00","description":"Devenez b\u00e9n\u00e9vole au Salon de la DATA et de l'IA le 17 septembre 2024 \u00e0 NANTES","breadcrumb":{"@id":"https:\/\/salondata.fr\/index.php\/benevoles\/#breadcrumb"},"inLanguage":"fr-FR","potentialAction":[{"@type":"ReadAction","target":["https:\/\/salondata.fr\/index.php\/benevoles\/"]}]},{"@type":"BreadcrumbList","@id":"https:\/\/salondata.fr\/index.php\/benevoles\/#breadcrumb","itemListElement":[{"@type":"ListItem","position":1,"name":"Accueil","item":"https:\/\/salondata.fr\/"},{"@type":"ListItem","position":2,"name":"Devenir B\u00e9n\u00e9vole"}]},{"@type":"WebSite","@id":"https:\/\/salondata.fr\/#website","url":"https:\/\/salondata.fr\/","name":"Salon de la DATA","description":"Un salon par et pour les passionn\u00e9s de la data","publisher":{"@id":"https:\/\/salondata.fr\/#organization"},"potentialAction":[{"@type":"SearchAction","target":{"@type":"EntryPoint","urlTemplate":"https:\/\/salondata.fr\/?s={search_term_string}"},"query-input":{"@type":"PropertyValueSpecification","valueRequired":true,"valueName":"search_term_string"}}],"inLanguage":"fr-FR"},{"@type":"Organization","@id":"https:\/\/salondata.fr\/#organization","name":"Salon de la DATA","url":"https:\/\/salondata.fr\/","logo":{"@type":"ImageObject","inLanguage":"fr-FR","@id":"https:\/\/salondata.fr\/#\/schema\/logo\/image\/","url":"https:\/\/salondata.fr\/wp-content\/uploads\/2019\/06\/SD_LogoMacaron_2_Positif.jpg","contentUrl":"https:\/\/salondata.fr\/wp-content\/uploads\/2019\/06\/SD_LogoMacaron_2_Positif.jpg","width":1180,"height":959,"caption":"Salon de la DATA"},"image":{"@id":"https:\/\/salondata.fr\/#\/schema\/logo\/image\/"},"sameAs":["https:\/\/x.com\/SalonData","https:\/\/www.youtube.com\/channel\/UCZdnpbTbaMrXtRcBh16UPpQ"]}]}},"_links":{"self":[{"href":"https:\/\/salondata.fr\/index.php\/wp-json\/wp\/v2\/pages\/8947","targetHints":{"allow":["GET"]}}],"collection":[{"href":"https:\/\/salondata.fr\/index.php\/wp-json\/wp\/v2\/pages"}],"about":[{"href":"https:\/\/salondata.fr\/index.php\/wp-json\/wp\/v2\/types\/page"}],"author":[{"embeddable":true,"href":"https:\/\/salondata.fr\/index.php\/wp-json\/wp\/v2\/users\/19"}],"replies":[{"embeddable":true,"href":"https:\/\/salondata.fr\/index.php\/wp-json\/wp\/v2\/comments?post=8947"}],"version-history":[{"count":27,"href":"https:\/\/salondata.fr\/index.php\/wp-json\/wp\/v2\/pages\/8947\/revisions"}],"predecessor-version":[{"id":10794,"href":"https:\/\/salondata.fr\/index.php\/wp-json\/wp\/v2\/pages\/8947\/revisions\/10794"}],"wp:attachment":[{"href":"https:\/\/salondata.fr\/index.php\/wp-json\/wp\/v2\/media?parent=8947"}],"curies":[{"name":"wp","href":"https:\/\/api.w.org\/{rel}","templated":true}]}}